are the prime factors of 20070?
2, 3, 5, 223
List the prime factors of 24740.
2, 5, 1237
List the prime factors of 7568.
2, 11, 43
What are the prime factors of 3131?
31, 101
What are the prime factors of 20033?
13, 23, 67
What are the prime factors of 368?
2, 23
List the prime factors of 3091.
11, 281
List the prime factors of 631.
631
List the prime factors of 25557.
3, 7, 1217
List the prime factors of 707.
7, 101
List the prime factors of 1405.
5, 281
What are the prime factors of 124562?
2, 61, 1021
What are the prime factors of 3399?
3, 11, 103
List the prime factors of 14386.
2, 7193
List the prime factors of 809.
809
List the prime factors of 18041.
18041
What are the prime factors of 6023?
19, 317
What are the prime factors of 25145?
5, 47, 107
List the prime factors of 15364.
2, 23, 167
What are the prime factors of 9065?
5, 7, 37
List the prime factors of 7946.
2, 29, 137
List the prime factors of 796.
2, 199
List the prime factors of 1487.
1487
List the prime factors of 17963.
11, 23, 71
List the prime factors of 15791.
15791
List the prime factors of 1719.
3, 191
List the prime factors of 1006.
2, 503
List the prime factors of 14813.
14813
What are the prime factors of 2053?
2053
List the prime factors of 13290.
2, 3, 5, 443
List the prime factors of 174.
2, 3, 29
What are the prime factors of 38944?
2, 1217
What are the prime factors of 43418?
2, 17, 1277
List the prime factors of 20953.
23, 911
List the prime factors of 14880.
2, 3, 5, 31
What are the prime factors of 48899?
107, 457
List the prime factors of 1327.
1327
List the prime factors of 26166.
2, 3, 7, 89
What are the prime factors of 20998?
2, 10499
List the prime factors of 2535.
3, 5, 13
List the prime factors of 4837.
7, 691
What are the prime factors of 78119?
191, 409
List the prime factors of 10747.
11, 977
List the prime factors of 1334.
2, 23, 29
List the prime factors of 28936.
2, 3617
List the prime factors of 10765.
5, 2153
List the prime factors of 54131.
7, 11, 19, 37
What are the prime factors of 5078?
2, 2539
What are the prime factors of 3274?
2, 1637
List the prime factors of 66523.
66523
List the prime factors of 942.
2, 3, 157
What are the prime factors of 871?
13, 67
List the prime factors of 10590.
2, 3, 5, 353
What are the prime factors of 507?
3, 13
What are the prime factors of 2076?
2, 3, 173
What are the prime factors of 154959?
3, 7, 47, 157
List the prime factors of 116343.
3, 31, 139
What are the prime factors of 12948?
2, 3, 13, 83
What are the prime factors of 64475?
5, 2579
What are the prime factors of 4303?
13, 331
List the prime factors of 7049.
7, 19, 53
What are the prime factors of 4812?
2, 3, 401
List the prime factors of 9877.
7, 17, 83
What are the prime factors of 18923?
127, 149
List the prime factors of 11452.
2, 7, 409
List the prime factors of 28557.
3, 19, 167
What are the prime factors of 166952?
2, 41, 509
List the prime factors of 43261.
43261
List the prime factors of 7986.
2, 3, 11
What are the prime factors of 5893?
71, 83
What are the prime factors of 7111?
13, 547
What are the prime factors of 658?
2, 7, 47
What are the prime factors of 1195?
5, 239
List the prime factors of 676.
2, 13
List the prime factors of 116.
2, 29
What are the prime factors of 1523?
1523
List the prime factors of 7682.
2, 23, 167
What are the prime factors of 24287?
149, 163
List the prime factors of 350.
2, 5, 7
What are the prime factors of 801?
3, 89
What are the prime factors of 21090?
2, 3, 5, 19, 37
What are the prime factors of 7430?
2, 5, 743
What are the prime factors of 1100?
2, 5, 11
List the prime factors of 7063.
7, 1009
List the prime factors of 878.
2, 439
List the prime factors of 497.
7, 71
List the prime factors of 2417.
2417
List the prime factors of 2849.
7, 11, 37
List the prime factors of 23491.
13, 139
What are the prime factors of 1641?
3, 547
List the prime factors of 1466.
2, 733
What are the prime factors of 84894?
2, 3, 14149
List the prime factors of 10439.
11, 13, 73
List the prime factors of 72581.
181, 401
What are the prime factors of 30377?
37, 821
What are the prime factors of 3200?
2, 5
What are the prime factors of 5742?
2, 3, 11, 29
List the prime factors of 7279.
29, 251
List the prime factors of 35561.
43, 827
List the prime factors of 25764.
2, 3, 19, 113
What are the prime factors of 5488?
2, 7
What are the prime factors of 14939?
14939
What are the prime factors of 2558?
2, 1279
What are the prime factors of 39148?
2, 9787
What are the prime factors of 701?
701
What are the prime factors of 550?
2, 5, 11
List the prime factors of 4765.
5, 953
List the prime factors of 11907.
3, 7
What are the prime factors of 1469?
13, 113
What are the prime factors of 1445?
5, 17
List the prime factors of 1942.
2, 971
What are the prime factors of 10728?
2, 3, 149
What are the prime factors of 36590?
2, 5, 3659
List the prime factors of 4805.
5, 31
List the prime factors of 6961.
6961
What are the prime factors of 56216?
2, 7027
What are the prime factors of 67852?
2, 16963
List the prime factors of 6903.
3, 13, 59
List the prime factors of 37544.
2, 13, 19
List the prime factors of 714.
2, 3, 7, 17
List the prime factors of 86.
2, 43
What are the prime factors of 2180?
2, 5, 109
List the prime factors of 6595.
5, 1319
What are the prime factors of 521?
521
What are the prime factors of 290?
2, 5, 29
What are the prime factors of 11080?
2, 5, 277
List the prime factors of 4973.
4973
List the prime factors of 1696.
2, 53
List the prime factors of 2912.
2, 7, 13
What are the prime factors of 4350?
2, 3, 5, 29
List the prime factors of 80329.
80329
List the prime factors of 3398.
2, 1699
What are the prime factors of 1455?
3, 5, 97
List the prime factors of 1621.
1621
List the prime factors of 21830.
2, 5, 37, 59
What are the prime factors of 2131?
2131
List the prime factors of 2214.
2, 3, 41
What are the prime factors of 2412?
2, 3, 67
List the prime factors of 32497.
32497
What are the prime factors of 17277?
3, 13, 443
List the prime factors of 1952.
2, 61
What are the prime factors of 59501?
13, 23, 199
What are the prime factors of 1293?
3, 431
What are the prime factors of 3471?
3, 13, 89
List the prime factors of 2089.
2089
What are the prime factors of 161181?
3, 17909
What are the prime factors of 2826?
2, 3, 157
What are the prime factors of 15857?
101, 157
List the prime factors of 56227.
59, 953
What are the prime factors of 1597?
1597
List the prime factors of 3073.
7, 439
What are the prime factors of 11109?
3, 7, 23
List the prime factors of 105321.
3, 35107
List the prime factors of 9982.
2, 7, 23, 31
What are the prime factors of 991?
991
List the prime factors of 5732.
2, 1433
List the prime factors of 464.
2, 29
List the prime factors of 26236.
2, 7, 937
List the prime factors of 1589.
7, 227
List the prime factors of 971.
971
What are the prime factors of 87?
3, 29
List the prime factors of 88245.
3, 5, 37, 53
What are the prime factors of 14569?
17, 857
List the prime factors of 24560.
2, 5, 307
What are the prime factors of 1148?
2, 7, 41
List the prime factors of 1745.
5, 349
What are the prime factors of 9413?
9413
List the prime factors of 4090.
2, 5, 409
What are the prime factors of 17227?
7, 23, 107
List the prime factors of 127353.
3, 42451
List the prime factors of 127982.
2, 89, 719
What are the prime factors of 3924?
2, 3, 109
List the prime factors of 90286.
2, 7, 6449
List the prime factors of 88.
2, 11
List the prime factors of 16713.
3, 619
List the prime factors of 892.
2, 223
What are the prime factors of 108817?
17, 37, 173
What are the prime factors of 728?
2, 7, 13
What are the prime factors of 2976?
2, 3, 31
What are the prime factors of 8124?
2, 3, 677
What are the prime factors of 4053?
3, 7, 193
What are the prime factors of 128766?
2, 3, 11, 1951
List the prime factors of 5788.
2, 1447
What are the prime factors of 37403?
113, 331
List the prime factors of 37659.
3, 12553
What are the prime factors of 5022?
2, 3, 31
List the prime factors of 997.
997
What are the prime factors of 1246?
2, 7, 89
List the prime factors of 25900.
2, 5, 7, 37
List the prime factors of 901.
17, 53
List the prime factors of 2619.
3, 97
What are the prime factors of 1016?
2, 127
List the p